he prime factors of 1104924.
2, 3, 92077
List the prime factors of 11001569.
11001569
What are the prime factors of 3285871?
127, 25873
List the prime factors of 2006753.
7, 283, 1013
List the prime factors of 3966814.
2, 17, 6863
What are the prime factors of 5877219?
3, 1959073
What are the prime factors of 598082?
2, 19, 15739
List the prime factors of 2859389.
13, 219953
What are the prime factors of 829664?
2, 11, 2357
List the prime factors of 498041.
53, 9397
List the prime factors of 2847102.
2, 3, 31, 15307
List the prime factors of 217127.
179, 1213
List the prime factors of 9903966.
2, 3, 271, 6091
List the prime factors of 25149948.
2, 3, 23, 293, 311
List the prime factors of 1545916.
2, 19, 20341
What are the prime factors of 1492710?
2, 3, 5, 49757
What are the prime factors of 68988?
2, 3, 5749
What are the prime factors of 344352?
2, 3, 17, 211
What are the prime factors of 378320?
2, 5, 4729
What are the prime factors of 2067416?
2, 13, 103, 193
What are the prime factors of 12753437?
107, 119191
List the prime factors of 194024.
2, 79, 307
What are the prime factors of 1351674?
2, 3, 25031
What are the prime factors of 372193?
47, 7919
List the prime factors of 1828717.
11, 166247
What are the prime factors of 56020?
2, 5, 2801
List the prime factors of 209130.
2, 3, 5, 6971
List the prime factors of 10420285.
5, 59, 35323
What are the prime factors of 1368269?
7, 59, 3313
What are the prime factors of 211245?
3, 5, 14083
List the prime factors of 302990.
2, 5, 41, 739
What are the prime factors of 951277?
951277
What are the prime factors of 3042068?
2, 67, 11351
What are the prime factors of 1215914?
2, 7, 86851
List the prime factors of 3356123.
17, 197419
What are the prime factors of 1577691?
3, 71, 823
List the prime factors of 12951752.
2, 11, 147179
What are the prime factors of 17191738?
2, 677, 12697
What are the prime factors of 5966271?
3, 220973
List the prime factors of 2691564.
2, 3, 61, 3677
What are the prime factors of 8488403?
7, 11, 23, 4793
List the prime factors of 11289826.
2, 23, 83, 2957
List the prime factors of 2567437.
2567437
What are the prime factors of 11131964?
2, 2782991
List the prime factors of 315258.
2, 3, 52543
List the prime factors of 3946063.
11, 358733
What are the prime factors of 76178?
2, 41, 929
What are the prime factors of 1018954?
2, 509477
What are the prime factors of 189756?
2, 3, 7, 251
What are the prime factors of 204578?
2, 11, 17, 547
List the prime factors of 7776945.
3, 5, 11, 5237
List the prime factors of 1858867.
1858867
List the prime factors of 210563.
193, 1091
What are the prime factors of 5981505?
3, 5, 97, 4111
What are the prime factors of 285028?
2, 71257
List the prime factors of 169746.
2, 3, 19, 1489
What are the prime factors of 522236?
2, 11, 13, 83
What are the prime factors of 5350038?
2, 3, 79, 11287
List the prime factors of 22269.
3, 13, 571
List the prime factors of 3332132.
2, 833033
What are the prime factors of 1416647?
191, 7417
List the prime factors of 24161.
37, 653
List the prime factors of 853638.
2, 3, 17, 8369
List the prime factors of 108119.
11, 9829
List the prime factors of 161128.
2, 11, 1831
List the prime factors of 3059156.
2, 764789
List the prime factors of 170846.
2, 13, 6571
What are the prime factors of 163508?
2, 41, 997
List the prime factors of 7304952.
2, 3, 304373
What are the prime factors of 1990397?
23, 86539
What are the prime factors of 915931?
73, 12547
What are the prime factors of 786284?
2, 17, 31, 373
What are the prime factors of 2032471?
7, 41479
What are the prime factors of 480498?
2, 3, 53, 1511
What are the prime factors of 16810029?
3, 31, 60251
List the prime factors of 281418.
2, 3, 17, 31, 89
What are the prime factors of 7172637?
3, 2390879
What are the prime factors of 676779?
3, 433, 521
What are the prime factors of 276172?
2, 13, 47, 113
What are the prime factors of 194938?
2, 29, 3361
What are the prime factors of 27524813?
23, 1196731
List the prime factors of 173250.
2, 3, 5, 7, 11
List the prime factors of 144680.
2, 5, 3617
What are the prime factors of 16985961?
3, 97, 19457
List the prime factors of 2085254.
2, 17, 61331
List the prime factors of 811748.
2, 7, 53, 547
What are the prime factors of 6463266?
2, 3, 757, 1423
What are the prime factors of 3506401?
3506401
List the prime factors of 148314.
2, 3, 19, 1301
What are the prime factors of 383048?
2, 47881
What are the prime factors of 20043822?
2, 3, 19, 193, 911
List the prime factors of 69028.
2, 17257
What are the prime factors of 43685?
5, 8737
List the prime factors of 2624864.
2, 11, 7457
List the prime factors of 184153.
184153
What are the prime factors of 2732317?
7, 73, 5347
What are the prime factors of 385591?
385591
What are the prime factors of 710070?
2, 3, 5, 23669
What are the prime factors of 12304336?
2, 11, 69911
What are the prime factors of 3134860?
2, 5, 41, 3823
What are the prime factors of 5346546?
2, 3, 891091
List the prime factors of 5340.
2, 3, 5, 89
List the prime factors of 609250.
2, 5, 2437
List the prime factors of 317736.
2, 3, 1471
List the prime factors of 904179.
3, 17, 17729
What are the prime factors of 15831995?
5, 79, 149, 269
What are the prime factors of 2512573?
7, 47, 1091
What are the prime factors of 590603?
13, 181, 251
List the prime factors of 836627.
11, 19, 4003
List the prime factors of 6993545.
5, 13, 17, 6329
What are the prime factors of 10780148?
2, 2695037
List the prime factors of 4180924.
2, 11, 95021
List the prime factors of 1968811.
13, 269, 563
What are the prime factors of 26607730?
2, 5, 2660773
List the prime factors of 202191.
3, 11, 557
What are the prime factors of 9537102?
2, 3, 17, 3463
What are the prime factors of 757912?
2, 211, 449
List the prime factors of 130753.
7, 18679
List the prime factors of 17593511.
13, 73, 18539
What are the prime factors of 1155933?
3, 128437
List the prime factors of 1592097.
3, 13, 40823
List the prime factors of 23347530.
2, 3, 5, 23, 11279
List the prime factors of 267460.
2, 5, 43, 311
What are the prime factors of 721280?
2, 5, 7, 23
List the prime factors of 412787.
61, 67, 101
List the prime factors of 8962183.
8962183
What are the prime factors of 4017719?
37, 108587
What are the prime factors of 82404?
2, 3, 7, 109
What are the prime factors of 18798514?
2, 7, 1342751
List the prime factors of 3222405.
3, 5, 101, 709
List the prime factors of 109864.
2, 31, 443
List the prime factors of 9119601.
3, 19, 29, 613
List the prime factors of 201766.
2, 79, 1277
List the prime factors of 3143363.
241, 13043
What are the prime factors of 27147781?
41, 662141
List the prime factors of 565113.
3, 113, 1667
What are the prime factors of 87957?
3, 29, 337
What are the prime factors of 39426182?
2, 179, 110129
What are the prime factors of 225207?
3, 19, 439
List the prime factors of 5790503.
23, 251761
What are the prime factors of 930208?
2, 41, 709
What are the prime factors of 7539870?
2, 3, 5, 13, 19333
What are the prime factors of 1903524?
2, 3, 7, 17, 31, 43
What are the prime factors of 7160724?
2, 3, 53, 139
What are the prime factors of 42545?
5, 67, 127
What are the prime factors of 1505968?
2, 61, 1543
List the prime factors of 11362183.
7, 1623169
List the prime factors of 754147.
23, 32789
What are the prime factors of 2301875?
5, 29, 127
What are the prime factors of 107138?
2, 53569
List the prime factors of 2543297.
109, 23333
What are the prime factors of 258233?
258233
List the prime factors of 99212.
2, 17, 1459
List the prime factors of 751573.
139, 5407
What are the prime factors of 12272782?
2, 6136391
List the prime factors of 583059.
3, 194353
List the prime factors of 4966397.
17, 292141
List the prime factors of 7274.
2, 3637
What are the prime factors of 1188840?
2, 3, 5, 9907
What are the prime factors of 13331944?
2, 17, 167, 587
List the prime factors of 25046129.
109, 229781
What are the prime factors of 5128614?
2, 3, 71, 4013
What are the prime factors of 258481?
53, 4877
What are the prime factors of 1806523?
223, 8101
What are the prime factors of 7263844?
2, 7, 59, 4397
What are the prime factors of 13138?
2, 6569
What are the prime factors of 475724?
2, 118931
What are the prime fa